 1352?
True
Does 47 divide 513922393?
True
Does 113 divide 1166735864?
False
Is 101 a factor of 75316811?
True
Does 3171 divide 1287857256?
True
Is 700 a factor of 180058059?
False
Does 182 divide 2184988806?
True
Does 158 divide 90484542?
False
Does 193 divide 110363576?
True
Is 1352 a factor of 212858458?
False
Is 46292904 a multiple of 204?
True
Is 24554559 a multiple of 15?
False
Does 13 divide 6871957?
False
Does 2460 divide 301180260?
True
Does 80 divide 2969808880?
True
Is 264 a factor of 1024286736?
True
Does 275 divide 150939525?
True
Does 4 divide 112937052?
True
Does 29 divide 1855646519?
True
Is 29 a factor of 1425716?
False
Is 295262390 a multiple of 42?
False
Does 1824 divide 575687232?
True
Is 548 a factor of 4638890144?
True
Is 393911108 a multiple of 307?
False
Does 342 divide 4353683940?
True
Is 26 a factor of 17104542?
True
Is 2 a factor of 5472162?
True
Is 2765 a factor of 65464788?
False
Is 490 a factor of 586585860?
True
Does 2068 divide 504281800?
True
Does 58 divide 81351670?
True
Is 2757700391 a multiple of 196?
False
Is 4748 a factor of 26740736?
True
Does 1186 divide 342228602?
True
Is 553158702 a multiple of 18?
True
Is 115353405 a multiple of 1389?
False
Does 22 divide 167109646?
True
Is 1132 a factor of 33534245?
False
Is 1448377411 a multiple of 14?
False
Is 30 a factor of 230521888?
False
Is 5848758590 a multiple of 32?
False
Is 1539648 a multiple of 16?
True
Is 119188846 a multiple of 67?
True
Is 2979983887 a multiple of 451?
False
Does 1564 divide 25489189?
False
Is 584648322 a multiple of 409?
True
Does 1162 divide 10243057?
False
Is 21 a factor of 21682629?
False
Is 58 a factor of 495662?
False
Is 194304740 a multiple of 10?
True
Is 361478687 a multiple of 10?
False
Does 268 divide 126805254?
False
Is 75792676 a multiple of 654?
False
Does 395 divide 4383218620?
True
Is 691943502 a multiple of 869?
False
Is 2278988920 a multiple of 268?
True
Does 35 divide 39834865?
True
Is 227 a factor of 726520537?
True
Does 56 divide 38007536?
True
Does 1057 divide 121358398?
True
Is 453255859 a multiple of 4727?
False
Is 72 a factor of 3954456?
True
Does 9 divide 761707?
False
Is 4165 a factor of 687462405?
True
Does 42 divide 61993050?
True
Is 50810760 a multiple of 390?
True
Does 935 divide 124046450?
True
Does 11 divide 496641332?
True
Is 48 a factor of 1145683728?
True
Is 28107464 a multiple of 11?
True
Is 357127684 a multiple of 25?
False
Is 18026875 a multiple of 521?
False
Does 8 divide 6465032?
True
Is 34 a factor of 45084678?
False
Is 42506331 a multiple of 13?
False
Is 91971802 a multiple of 1079?
True
Is 39902796 a multiple of 94?
False
Is 1470 a factor of 62383860?
True
Is 6119673312 a multiple of 4668?
True
Is 257816109 a multiple of 173?
False
Is 41 a factor of 54957958?
True
Is 39646542 a multiple of 213?
True
Is 14 a factor of 46128348?
True
Is 2248940 a multiple of 460?
True
Is 58803069 a multiple of 79?
False
Is 29578012 a multiple of 11?
False
Is 19302651 a multiple of 513?
True
Is 324967557 a multiple of 12?
False
Is 1606 a factor of 1643721283?
False
Is 178412214 a multiple of 67?
False
Does 39 divide 23980927?
False
Does 2895 divide 1377197820?
True
Is 2101790 a multiple of 10?
True
Is 8 a factor of 46584335?
False
Does 4 divide 5280460?
True
Does 7 divide 4298378?
True
Does 246 divide 336241255?
False
Is 288 a factor of 7272864?
True
Is 3740 a factor of 2647056060?
True
Is 282 a factor of 42572110?
False
Is 185 a factor of 5474443965?
True
Is 6 a factor of 23051298?
True
Is 57 a factor of 15968493?
True
Is 3441 a factor of 756326862?
False
Is 3469 a factor of 931572500?
False
Is 50 a factor of 1121060210?
False
Does 814 divide 145688113?
False
Is 501865 a multiple of 2?
False
Does 912 divide 37810938?
False
Is 1593865218 a multiple of 66?
True
Is 30 a factor of 3036649361?
False
Does 47 divide 77092959?
False
Is 10 a factor of 68838280?
True
Is 5901452 a multiple of 438?
False
Is 403768575 a multiple of 525?
True
Is 2 a factor of 74406538?
True
Is 40 a factor of 163259843?
False
Is 361 a factor of 248974119?
True
Does 31 divide 528387126?
True
Does 5467 divide 3464594534?
False
Is 12804552 a multiple of 18?
True
Is 118516891 a multiple of 2?
False
Is 1748 a factor of 64623560?
True
Is 4656 a factor of 47855743?
False
Is 2564 a factor of 702961624?
True
Is 34078986 a multiple of 9?
True
Is 6011 a factor of 929132292?
True
Does 1582 divide 41802768?
True
Is 1167570 a multiple of 15?
True
Is 414 a multiple of 18?
True
Is 3328 a factor of 1477914880?
True
Is 18592250 a multiple of 775?
True
Is 75 a factor of 449600400?
True
Does 724 divide 5577696?
True
Is 46514303 a multiple of 6?
False
Does 437 divide 4873166?
False
Is 11 a factor of 11222607?
True
Does 65 divide 2738385?
True
Does 10 divide 266039491?
False
Is 94682573 even?
False
Does 2808 divide 392507856?
True
Is 17419748 a multiple of 110?
False
Is 83016140 a multiple of 31?
True
Does 3018 divide 40510543?
False
Is 3721534 even?
True
Does 162 divide 908054610?
False
Is 4573 a factor of 1434403764?
True
Is 122951808 a multiple of 772?
True
Is 54 a factor of 9084209?
False
Is 44 a factor of 826330875?
False
Is 96 a factor of 22857728?
False
Is 35 a factor of 2760354024?
False
Is 504854507 a multiple of 113?
True
Does 54 divide 36842429?
False
Does 246 divide 1115129?
False
Is 1925 a factor of 401416400?
True
Is 303 a factor of 4373508?
False
Is 143 a factor of 517775115?
True
Does 34 divide 4913531?
False
Is 52163517 a multiple of 1638?
False
Is 6 a factor of 8944191?
False
Does 1164 divide 2726313440?
False
Does 147 divide 4867170?
True
Is 405 a factor of 12608865?
True
Is 698312502 a multiple of 243?
True
Is 593 a factor of 66061932?
False
Is 52153530 a multiple of 14?
False
Is 39290671 a multiple of 78?
False
Does 492 divide 194656466?
False
Does 1980 divide 53215250?
False
Is 59536782 a multiple of 9?
True
Is 16 a factor of 103054944?
True
Is 7873489428 a multiple of 14?
True
Is 10 a factor of 49761910?
True
Does 1152 divide 274137835?
False
Is 622217610 a multiple of 1211?
False
Does 83 divide 2003741?
False
Is 338138917 a multiple of 2236?
False
Is 8518 a factor of 778877402?
True
Is 437 a factor of 1858471?
False
Is 520 a factor of 1803353551?
False
Is 130121310 a multiple of 165?
True
Does 901 divide 48466172?
False
Does 612 divide 1860294475?
False
Does 54 divide 178621277?
False
Does 20 divide 78079340?
True
Does 41 divide 427139666?
False
Does 8 divide 18599578?
False
Is 18 a factor of 50613642?
True
Is 56151292 a multiple of 2371?
False
Is 143368209 a multiple of 3673?
True
Is 2859 a factor of 521354627?
False
Is 1110847146 a multiple of 2818?
True
Is 1769434817 a multiple of 13?
False
Is 15941950 a multiple of 190?
True
Is 3439 a factor of 36759471?
True
Is 934 a factor of 473131710?
True
Is 159 a factor of 268681380?
True
Does 2938 divide 190598075?
False
Is 116197331 a multiple of 31?
True
Is 264890270 a multiple of 114?
False
Is 158413374 a multiple of 274?
True
Is 1473342254 a multiple of 8945?
False
Does 558 divide 916639992?
True
Is 14079373 a multiple of 104?
False
Is 572236326 a multiple of 80?
False
Does 30 divide 25984200?
True
Does 82 divide 24584385?
False
Is 2098 a factor of 127875198?
True
Is 13 a factor of 655983093?
False
Does 227 divide 696649380?
True
Is 782 a factor of 24712764?
True
Does 128 divide 601145582?
False
Is 19645789 a multiple of 570?
False
Is 1174 a factor of 78797706?
True
Does 784 divide 27120912?
True
Does 9 divide 718362?
True
Does 15 divide 10534080?
True
Does 5 divide 686749?
False
Is 277 a factor of 1604772908?
True
Is 2692367279 a multiple of 1421?
True
Is 77 a factor of 32272548?
True
Is 13003028 a multiple of 40?
False
Is 1298408900 a multiple of 25?
True
Is 15874880 a multiple of 49?
False
Does 2 divide 34928171?
False
Is 9 a factor of 10192872?
False
Does 4 divide 1418184101?
False
Is 2897972532 a multiple of 126?
True
Is 99 a factor of 323284005?
True
Is 699 a factor of 7395420?
True
Is 53 a factor of 4980304?
True
Does 34 divide 2134614072?
False
Is 1814605618 a multiple of 458?
True
Is 14 a factor of 230828528?
True
Does 141 divide 122213427?
False
Does 1260 divide 112429569?
False
Is 1160352 a multiple of 9?
True
Is 9272956 a multiple of 187?
True
Does 69 divide 24531087?
True
Does 